d 851086?
38
What is the greatest common factor of 2692950 and 2275?
325
What is the highest common factor of 1914206 and 4088?
1022
What is the highest common factor of 1182 and 2094390528?
1182
Calculate the greatest common factor of 1584 and 55223856.
144
Calculate the greatest common divisor of 75114 and 517842.
234
What is the greatest common divisor of 10774970 and 4548?
758
Calculate the greatest common factor of 2188 and 1149585593.
547
Calculate the greatest common divisor of 10832544 and 3132.
1044
What is the highest common factor of 858 and 42687723?
39
Calculate the greatest common divisor of 456 and 22233648.
456
What is the highest common divisor of 25647808 and 1184?
1184
What is the highest common factor of 56 and 118957576?
8
What is the greatest common divisor of 38467 and 1771913?
143
What is the highest common divisor of 38 and 19364800?
38
What is the highest common divisor of 256 and 4401232?
16
Calculate the greatest common divisor of 3572 and 1553444.
188
Calculate the greatest common divisor of 2529486 and 144.
18
Calculate the greatest common divisor of 26 and 729936896.
26
What is the highest common factor of 88387307 and 47?
47
What is the greatest common factor of 468224 and 767?
59
Calculate the greatest common divisor of 106312559 and 6455.
1291
Calculate the greatest common divisor of 2081874 and 2.
2
Calculate the highest common factor of 45 and 1561915.
5
What is the greatest common factor of 42495 and 578008491?
8499
What is the highest common divisor of 2884 and 143703540?
412
Calculate the highest common factor of 1069134 and 3298.
194
Calculate the highest common divisor of 51 and 697088910.
51
Calculate the greatest common factor of 155 and 1546942470.
155
Calculate the highest common divisor of 19929 and 316309.
511
What is the greatest common divisor of 407166 and 8690?
158
What is the highest common factor of 14901840 and 240?
240
Calculate the highest common factor of 2137899 and 87951.
57
Calculate the highest common divisor of 158240 and 683008.
736
What is the highest common factor of 1816573 and 605?
121
What is the greatest common factor of 30117 and 39714?
3
What is the greatest common factor of 1269 and 330113853?
1269
Calculate the highest common divisor of 157988 and 73396.
1244
Calculate the highest common divisor of 1278 and 228951.
9
What is the greatest common factor of 409 and 121042732?
409
Calculate the greatest common factor of 9288 and 1398888.
72
What is the greatest common divisor of 108976 and 16219?
49
Calculate the highest common factor of 1332 and 3422204.
148
What is the greatest common factor of 22416 and 5392449?
1401
What is the highest common factor of 7089915 and 35?
35
Calculate the highest common factor of 83921919 and 1177.
107
Calculate the greatest common divisor of 135 and 90452853.
9
Calculate the greatest common divisor of 630640 and 2640.
80
What is the greatest common divisor of 42347 and 296005?
53
What is the greatest common factor of 130861 and 112457?
107
Calculate the greatest common divisor of 61928 and 16904.
8
Calculate the highest common factor of 272322 and 1886.
82
What is the highest common factor of 1518102 and 5346?
162
Calculate the highest common factor of 1982 and 28147373.
991
What is the highest common divisor of 579670 and 388362?
338
What is the greatest common factor of 8 and 3001336?
8
What is the highest common factor of 44 and 302518909?
11
Calculate the highest common factor of 35 and 49627515.
35
What is the highest common factor of 897045 and 105?
15
Calculate the greatest common divisor of 384 and 19284.
12
Calculate the greatest common divisor of 87000 and 102312.
696
Calculate the greatest common factor of 135646 and 33544.
14
Calculate the greatest common factor of 543106431 and 7182.
3591
What is the highest common factor of 2072678853 and 3279?
3279
What is the greatest common factor of 4910 and 1302910?
10
Calculate the greatest common divisor of 2943523 and 22.
11
What is the greatest common factor of 18585 and 73520195?
2065
Calculate the greatest common divisor of 29765375 and 1049.
1049
What is the greatest common divisor of 2205889941 and 7094?
3547
Calculate the highest common factor of 10854 and 6205272.
402
Calculate the highest common divisor of 3128 and 742187.
23
What is the greatest common factor of 101835 and 1763280?
1395
Calculate the greatest common factor of 113560 and 12014920.
680
Calculate the greatest common factor of 1166814 and 171146.
166
Calculate the greatest common divisor of 20495 and 39817686.
4099
What is the highest common factor of 6374 and 1183645426?
6374
Calculate the highest common divisor of 115 and 16995229.
23
What is the greatest common divisor of 128477 and 1?
1
Calculate the greatest common divisor of 2034 and 121023678.
678
What is the greatest common factor of 1456453360 and 19?
19
What is the greatest common divisor of 1992 and 111380273?
83
What is the greatest common factor of 50 and 32642825?
25
What is the greatest common factor of 5 and 184780?
5
Calculate the highest common factor of 49524581 and 8801.
677
What is the greatest common divisor of 683059 and 156?
13
Calculate the highest common factor of 7557 and 538379.
229
Calculate the greatest common divisor of 10489 and 41339.
617
What is the greatest common factor of 3630 and 108540025?
605
What is the greatest common divisor of 87284192 and 40948?
1412
What is the highest common divisor of 198 and 1329390?
18
Calculate the greatest common divisor of 60576867 and 7605.
1521
Calculate the greatest common factor of 635448 and 112050.
498
Calculate the greatest common divisor of 14003 and 20356543.
1273
Calculate the greatest common factor of 221254 and 14062.
178
Calculate the greatest common factor of 126866044 and 444.
148
What is the greatest common divisor of 290 and 315410?
10
What is the greatest common factor of 30450 and 2035530?
210
Calculate the greatest common factor of 117 and 12218895.
117
What is the highest common divisor of 556980 and 804?
12
What is the highest common divisor of 183752 and 120?
8
What is the highest common divisor of 2982456 and 252?
36
What is the highest common divisor of 505686 and 91434?
1866
Calculate the greatest common factor of 1020740 and 110316.
1268
Calculate the greatest common factor of 162 and 12992283.
9
Calculate the greatest common divisor of 140173 and 561.
11
Calculate the greatest common divisor of 4732 and 619528.
364
Calculate the highest common factor of 84762051 and 153.
51
Calculate the greatest common factor of 23 and 114377873.
23
Calculate the highest common divisor of 16788 and 84968265.
4197
Calculate the highest common factor of 389466 and 23620860.
5058
What is the highest common factor of 1136265 and 1555?
5
What is the greatest common factor of 7237 and 115?
1
What is the highest common divisor of 1644671 and 21056?
329
What is the greatest common factor of 2695007 and 973?
7
What is the greatest common divisor of 26325 and 2963025?
2925
Calculate the greatest common divisor of 394 and 1589486.
2
Calculate the highest common factor of 190 and 1011541.
19
Calculate the highest common divisor of 573 and 7027.
1
What is the highest common factor of 24362 and 12896?
26
Calculate the highest common divisor of 1047744 and 36808.
856
Calculate the highest common factor of 907 and 555146583.
907
Calculate the highest common divisor of 21412 and 908596.
404
What is the highest common divisor of 2346300 and 438900?
3300
What is the highest common factor of 256 and 121604768?
32
What is the greatest common divisor of 82077 and 152382?
327
Calculate the highest common factor of 197131764 and 228.
228
What is the greatest common divisor of 3268 and 2853308?
172
Calculate the greatest common factor of 48967072 and 12397.
539
Calculate the highest common divisor of 351398 and 15.
1
What is the greatest common factor of 6798 and 153234336?
618
What is the highest common factor of 14869402 and 58?
58
What is the greatest common factor of 275 and 1415700?
275
Calculate the greatest common divisor of 169770 and 192.
6
Calculate the highest common factor of 90 and 5240820.
30
What is the greatest common factor of 51008 and 10745154?
1594
Calculate the greatest common factor